{"id":55,"date":"2023-08-29T15:47:52","date_gmt":"2023-08-29T13:47:52","guid":{"rendered":"https:\/\/johanneum.biz\/trauerbegleitung\/?page_id=55"},"modified":"2023-10-07T10:07:31","modified_gmt":"2023-10-07T08:07:31","slug":"gedanken-zum-letzten-weg","status":"publish","type":"page","link":"https:\/\/johanneum.biz\/trauerbegleitung\/gedanken-zum-letzten-weg\/","title":{"rendered":"Gedanken zum letzten Weg"},"content":{"rendered":"\n<div class=\"wp-block-media-text has-media-on-the-right is-stacked-on-mobile\"><div class=\"wp-block-media-text__content\">\n<p class=\"has-text-align-center\" style=\"font-style:normal;font-weight:300\"><em>Das Licht der Liebe<br>l\u00f6scht der Tod nicht aus.<\/em><\/p>\n<\/div><figure class=\"wp-block-media-text__media\"><img loading=\"lazy\" decoding=\"async\" width=\"1024\" height=\"765\" src=\"https:\/\/johanneum.biz\/trauerbegleitung\/wp-content\/uploads\/sites\/3\/2023\/08\/Johanneum-Trauerbegleitung-4a-GZLW-1024x765.jpg\" alt=\"\" class=\"wp-image-56 size-full\" srcset=\"https:\/\/johanneum.biz\/trauerbegleitung\/wp-content\/uploads\/sites\/3\/2023\/08\/Johanneum-Trauerbegleitung-4a-GZLW-1024x765.jpg 1024w, https:\/\/johanneum.biz\/trauerbegleitung\/wp-content\/uploads\/sites\/3\/2023\/08\/Johanneum-Trauerbegleitung-4a-GZLW-300x224.jpg 300w, https:\/\/johanneum.biz\/trauerbegleitung\/wp-content\/uploads\/sites\/3\/2023\/08\/Johanneum-Trauerbegleitung-4a-GZLW-768x574.jpg 768w, https:\/\/johanneum.biz\/trauerbegleitung\/wp-content\/uploads\/sites\/3\/2023\/08\/Johanneum-Trauerbegleitung-4a-GZLW-1536x1148.jpg 1536w, https:\/\/johanneum.biz\/trauerbegleitung\/wp-content\/uploads\/sites\/3\/2023\/08\/Johanneum-Trauerbegleitung-4a-GZLW-2048x1531.jpg 2048w, https:\/\/johanneum.biz\/trauerbegleitung\/wp-content\/uploads\/sites\/3\/2023\/08\/Johanneum-Trauerbegleitung-4a-GZLW-150x112.jpg 150w\" sizes=\"(max-width: 1024px) 100vw, 1024px\" \/><\/figure><\/div>\n\n\n\n<p class=\"has-drop-cap\">Zur besonderen Eigenart der Menschen geh\u00f6rt es, dass sie jeweils einzigartig sind und daher auch unterschiedliche Wege in ihrem Leben gegangen sind. Gerade dies sollte sich auch auf dem letzten St\u00fcck des Weges eines Menschen, in der Trauerfeier, widerspiegeln.<br>Das Team der Trauerbegleitung im Johanneum m\u00f6chte Sie dabei unterst\u00fctzen, die Trauerfeier zu einem pers\u00f6nlichen Abschied werden zu lassen. Wir begleiten Sie einf\u00fchlsam in dieser schweren Zeit und m\u00f6chten Ihnen zeigen, dass die Trauer, die Sie empfinden, ein Zeichen der gro\u00dfe Liebe zu Ihrer Verstorbenen \/ Ihrem Verstorbenen darstellt.<\/p>\n\n\n\n<p><\/p>\n\n\n<div class=\"wp-block-image\">\n<figure class=\"aligncenter size-large\"><img loading=\"lazy\" decoding=\"async\" width=\"1024\" height=\"494\" src=\"https:\/\/johanneum.biz\/trauerbegleitung\/wp-content\/uploads\/sites\/3\/2023\/08\/K1600_Johanneum-Trauerbegleitung-4b-GZLW-1024x494.jpg\" alt=\"\" class=\"wp-image-60\" srcset=\"https:\/\/johanneum.biz\/trauerbegleitung\/wp-content\/uploads\/sites\/3\/2023\/08\/K1600_Johanneum-Trauerbegleitung-4b-GZLW-1024x494.jpg 1024w, https:\/\/johanneum.biz\/trauerbegleitung\/wp-content\/uploads\/sites\/3\/2023\/08\/K1600_Johanneum-Trauerbegleitung-4b-GZLW-300x145.jpg 300w, https:\/\/johanneum.biz\/trauerbegleitung\/wp-content\/uploads\/sites\/3\/2023\/08\/K1600_Johanneum-Trauerbegleitung-4b-GZLW-768x371.jpg 768w, https:\/\/johanneum.biz\/trauerbegleitung\/wp-content\/uploads\/sites\/3\/2023\/08\/K1600_Johanneum-Trauerbegleitung-4b-GZLW-1536x741.jpg 1536w, https:\/\/johanneum.biz\/trauerbegleitung\/wp-content\/uploads\/sites\/3\/2023\/08\/K1600_Johanneum-Trauerbegleitung-4b-GZLW-2048x989.jpg 2048w, https:\/\/johanneum.biz\/trauerbegleitung\/wp-content\/uploads\/sites\/3\/2023\/08\/K1600_Johanneum-Trauerbegleitung-4b-GZLW-150x72.jpg 150w\" sizes=\"(max-width: 1024px) 100vw, 1024px\" \/><\/figure><\/div>\n\n\n<p class=\"has-text-align-center\" style=\"font-style:normal;font-weight:300\"><em>Das was ich f\u00fcr euch war,<\/em><br><em>bin ich immer noch.<\/em><br><em>Wenn ihr an mich denkt,<\/em><br><em>seid nicht traurig.<\/em><br><em>Gebt mir den Namen,<\/em><br><em>den ihr mir immer gegeben habt.<\/em><br><em>Sprecht mit mir,<\/em><br><em>wie ihr es immer getan habt.<\/em><br><em>Erz\u00e4hlt von mir<\/em><br><em>und traut euch ruhig zu lachen.<\/em><br><em>Lasst mir einen Platz zwischen euch,<\/em><br><em>so wie ich ihn im Leben hatte.<\/em><\/p>\n","protected":false},"excerpt":{"rendered":"<p>Das Licht der Liebel\u00f6scht der Tod nicht aus. Zur besonderen Eigenart der Menschen geh\u00f6rt es, dass sie jeweils einzigartig sind und daher auch unterschiedliche Wege in ihrem Leben gegangen sind. Gerade dies sollte sich auch auf dem letzten St\u00fcck des Weges eines Menschen, in der Trauerfeier, widerspiegeln.Das Team der Trauerbegleitung&#8230;<\/p>\n<p> <a class=\"continue-reading-link\" href=\"https:\/\/johanneum.biz\/trauerbegleitung\/gedanken-zum-letzten-weg\/\"><span>&#8230;weiterlesen<\/span><i class=\"crycon-right-dir\"><\/i><\/a> <\/p>\n","protected":false},"author":1,"featured_media":0,"parent":0,"menu_order":0,"comment_status":"closed","ping_status":"closed","template":"","meta":{"_coblocks_attr":"","_coblocks_dimensions":"","_coblocks_responsive_height":"","_coblocks_accordion_ie_support":"","footnotes":""},"_links":{"self":[{"href":"https:\/\/johanneum.biz\/trauerbegleitung\/wp-json\/wp\/v2\/pages\/55"}],"collection":[{"href":"https:\/\/johanneum.biz\/trauerbegleitung\/wp-json\/wp\/v2\/pages"}],"about":[{"href":"https:\/\/johanneum.biz\/trauerbegleitung\/wp-json\/wp\/v2\/types\/page"}],"author":[{"embeddable":true,"href":"https:\/\/johanneum.biz\/trauerbegleitung\/wp-json\/wp\/v2\/users\/1"}],"replies":[{"embeddable":true,"href":"https:\/\/johanneum.biz\/trauerbegleitung\/wp-json\/wp\/v2\/comments?post=55"}],"version-history":[{"count":6,"href":"https:\/\/johanneum.biz\/trauerbegleitung\/wp-json\/wp\/v2\/pages\/55\/revisions"}],"predecessor-version":[{"id":110,"href":"https:\/\/johanneum.biz\/trauerbegleitung\/wp-json\/wp\/v2\/pages\/55\/revisions\/110"}],"wp:attachment":[{"href":"https:\/\/johanneum.biz\/trauerbegleitung\/wp-json\/wp\/v2\/media?parent=55"}],"curies":[{"name":"wp","href":"https:\/\/api.w.org\/{rel}","templated":true}]}}